45 is divided by (((-75)/6)/(-5))/(465/23250).
120
Let g = 1 - -10. Let u(s) = -27*s + 28*s + 223 + 18 - 23*s. Calculate the remainder when u(10) is divided by g.
10
Let i = 13 + -20. Let v = 5945 - 5941. Calculate the remainder when 12 is divided by (v - (0 - i)) + 12.
3
Suppose 5*i - 34 = 306. Suppose -2*n - 21 = j - i, 4*n - 16 = 0. What is the remainder when 88 is divided by j?
10
Let h = 6003 + -5129. What is the remainder when h is divided by 69?
46
Suppose 0 = -122*v + 113*v + 324. Suppose 1417 + 1391 = v*z. Calculate the remainder when z is divided by 32.
14
Suppose -2*p = 4*p - 6. Suppose -10 = -2*r - 3*r. What is the remainder when 0/(4/p) + r - -123 is divided by 32?
29
Suppose 52*c - 25 = 51*c. Suppose 4*h + 3*q - 81 = 0, -h - 1 = 2*q - c. Calculate the remainder when 27 is divided by h.
9
Let z(p) = 11*p**3 - 4*p + 5. Let g(i) = 53*i**2 - 1261*i - 1. What is the remainder when g(24) is divided by z(2)?
8
Let z(y) = 4*y**3 + y + 2. Let c be z(2). What is the remainder when (0 - -1)/((-23)/(-299)) is divided by 96/c*3/2?
1
Suppose -49262 = -4*h - 66*h + 106838. Calculate the remainder when h is divided by 224.
214
Let c(m) = m**3 + 24*m**2 - 25*m - 31. What is the remainder when c(-23) is divided by 108?
101
Suppose 2*z = 5*z - 17*z + 80332. What is the remainder when z is divided by 70?
68
Suppose 12 = -4*c, -16*o - 3*c = -18*o + 43. What is the remainder when 933 is divided by o?
15
Let i = 13267 + -13067. Calculate the remainder when 535 is divided by i.
135
Suppose 12 = 6*o - 10*o. Calculate the remainder when 4 + -3 + 160 - (-15)/o is divided by 49.
9
What is the remainder when -6 - (4 + -461) - -6 is divided by 116?
109
Let m(u) be the third derivative of -3*u**4/8 + u**3 + 4*u**2. Let p = 996 + -969. What is the remainder when m(-8) is divided by p?
24
Suppose 35 = x - 3*m, 3*x - 23*m - 141 = -20*m. What is the remainder when 156 is divided by x?
50
Suppose 3*z - 5*z = 0. Suppose -31*c + 38*c - 147 = z. What is the remainder when 158 is divided by c?
11
Suppose -4*o - 24 = -4*j, 0 = -3*j + 4*o + 15 + 7. Let z be (-3)/j + (3423/(-14))/3. Let i = z - -89. What is the remainder when 46 is divided by i?
4
Let n(d) = -d**3 - 3*d**2 + d. Let v(r) = -r**3 - 3*r**2 - r + 2. Let s be (-3 + -1)/(-1 + 2) - -1. Calculate the remainder when n(-4) is divided by v(s).
2
Let w be -2*9*((-14)/4 - -3). Let z be (-2 - 84/9)/((-3)/w). Let d = z + 11. What is the remainder when d is divided by 12?
9
Let v(o) = o**3 + 17*o**2 + 6*o + 185. Calculate the remainder when 323 is divided by v(-17).
74
What is the remainder when (12876/(-36))/(1/9*-3) is divided by 15?
8
Suppose -20 = -5*t, -4*s - 2*t = 2903 - 17859. Calculate the remainder when s is divided by 26.
19
Suppose 5*b - 8*b + 86 = -f, 3*f + 90 = 3*b. What is the remainder when 133 - (0/(-1) + -4) is divided by b?
25
Let f(b) = b**2 - 3*b + 4. Let j be f(2). Suppose -3*g + 2*o - j = 2, 3*o = 6. What is the remainder when (-4)/4*-131 - g is divided by 22?
21
Suppose -3*k - 90 = -9*k. Suppose k*a - 144 = 6*a. Calculate the remainder when 78 is divided by (-2 + 60/16)*a.
22
Let x(n) = n**3 + 7*n**2 - 2*n - 10. Let t be x(-7). Suppose 641 = t*i + 81. What is the remainder when 59 is divided by 3/9 - i/(-12)?
11
Suppose 2*t + 71 = 3*i - 3*t, 4*t + 70 = 3*i. Suppose i = 11*k - 33. Calculate the remainder when 24 is divided by k.
4
Let q = 31847 + -31811. What is the remainder when 538 is divided by q?
34
Let w(z) = 33*z**2 - 27*z + 26. Calculate the remainder when 3/(-12) + (-3435)/(-12) + 0 is divided by w(1).
30
Let q(k) = -6*k - 58. Let y be q(-11). Suppose 1 = r, -3*s = -6*s - r + 40. Suppose -y*z - 95 = -s*z. What is the remainder when z is divided by 7?
5
Let d(g) = -g**3 + 4*g**2 - g + 2. Let l = -1566 - -1600. What is the remainder when l is divided by d(3)?
2
Suppose -3*m - 7*m = -40. Calculate the remainder when 5190/100 - m/(-40) is divided by 27.
25
Let a(v) = -8*v - 135. Let f be a(-11). Let l = f - -146. Calculate the remainder when 195 is divided by l.
96
Let j = -108 + 111. Let a(l) = 3 - 1 + 8*l**2 + 15*l - l**3 - 21 + j*l**2. Calculate the remainder when 49 is divided by a(12).
15
Suppose v = -5*m + 2*m + 150, -4*v - m + 578 = 0. Suppose 0 = -143*c + v*c - 21. What is the remainder when c is divided by 8?
5
Suppose -760 + 12530 = 2*w. Calculate the remainder when w is divided by 39.
35
Suppose h = -19*q + 20*q + 269, 4*h - 3*q - 1080 = 0. What is the remainder when h is divided by 3?
0
Let s be -49 - (-10 - (-4 + 7)). Let v(m) = -7*m**3 + 3*m**2 + 4*m + 3. Let r be v(-2). Let x = r + s. Calculate the remainder when 53 is divided by x.
26
Suppose 1 = 3*s - 113. Calculate the remainder when 192 is divided by s - (30/(-150))/(1/5).
36
Let w(g) = g**2 + 5*g - 1. Suppose 221*d = -430*d + 11*d + 30080. What is the remainder when w(7) is divided by d?
36
Calculate the remainder when 804/(-20)*440/(-198)*(-78)/(-8) is divided by 51.
4
Let t(d) = 271*d**3 - 2*d**2 - d + 21. What is the remainder when t(2) is divided by 2?
1
Let a(x) = -10 - x - 19*x + 6 - 9. What is the remainder when 466 is divided by a(-4)?
64
Let j = 5 - 3. Suppose m - j*g = -g + 25, -2*m = g - 44. Suppose 4727*o = 4732*o - 3*b - 97, 2*b + 4 = -o. What is the remainder when m is divided by o?
9
Let g(q) = -3*q**2 - 10*q + 45. Let o be g(-13). Let z = o + 443. Calculate the remainder when z is divided by 8.
7
Suppose -5*j = 5*n - 180, -4*n + 2*j + 143 = 5*j. Suppose -736 = -n*g + 559. Calculate the remainder when 98 is divided by g.
24
Let h = 24613 + -23726. What is the remainder when h is divided by 279?
50
Suppose -66 = 11*k - 143. Let q(u) be the third derivative of u**4/4 + 6*u**2. Calculate the remainder when q(2) is divided by k.
5
Let k(n) = n**3 - 22*n**2 + 39*n + 43. Calculate the remainder when 71/1 + (-16)/4 + 9 is divided by k(20).
7
Suppose 0 = -4*j + 5*f + 16 + 10, -2*j = -2*f - 12. What is the remainder when 94 is divided by (4/(-8))/(j/(-168))?
10
Let p(g) be the third derivative of -g**4/12 + g**3/3 - 2*g**2 - 111*g. Calculate the remainder when p(-13) is divided by 3.
1
Let k = 478 - 454. Suppose 5*v - 241 = k. What is the remainder when v is divided by 35?
18
Let o(x) = -x**3 - 19*x**2 + 68*x + 74. Let t(u) = 7*u**2 + u + 9. Calculate the remainder when t(-9) is divided by o(-22).
27
Suppose 0 = 24*a - 29*a + 465. Let t = -88 + a. Suppose 5*m + 3*g - 959 = 0, -t*g + g = m - 202. What is the remainder when m is divided by 12?
10
Let m be 312/(-195)*10/(-4). Suppose c = m, n = -3*c + 30 - 6. Calculate the remainder when n is divided by 4.
0
Let z be (-3)/3*(-7 - -10) - -3. Suppose -10 = -t + 2*v, z = -t - 5*v + 10. Suppose 3 - 40 = -h. What is the remainder when h is divided by t?
7
Let z = -1159 - -1299. What is the remainder when z is divided by 41?
17
Suppose 0*n = 31*n - 2542. Suppose -97*b + 56*b + n = 0. Let a(g) = -g + 1. What is the remainder when b is divided by a(0)?
0
Suppose -4*g = -2*g - 228. Let z(d) = d**3 - 99*d**2 + 217*d - 2214. What is the remainder when g is divided by z(97)?
12
Suppose -8*m = -10*m + 5*r + 267, 0 = m + 5*r - 201. Suppose -o + 100 = o - q, 5*o + 3*q - 261 = 0. What is the remainder when m is divided by o?
3
Suppose -30160 - 33523 = -43*q. Calculate the remainder when q is divided by 21.
11
Let j(u) = u**2 - 8*u + 11. Let b be j(7). Suppose 12*r - 208 = b*r. Let z = 55 - r. Calculate the remainder when z is divided by 10.
9
Let v = 765 + -537. What is the remainder when v is divided by 26 - 5 - -50 - 13?
54
Let m(a) = -7*a - 66. Let d = 23 - 2. Suppose -3*k + 102 + d = 0. What is the remainder when m(-21) is divided by k?
40
Let d(z) = -z**2 - 13*z + 23. Suppose 9*j + 3*j = -3*j. Let n be 6/9 - (j - 123/(-9)). What is the remainder when 66 is divided by d(n)?
20
What is the remainder when (14/70)/(64/16320) is divided by -38*(-1)/2 + -2?
0
Suppose 10*i - 25 = 5*i. Suppose -3*p = -i*v + 132, -2*p = -6*p - 16. Suppose -2*j + 76 = -46. Calculate the remainder when j is divided by v.
13
Let f = -8618 - -8717. What is the remainder when 472 is divided by f?
76
Let c = 30 - -22. Let x be (-5)/15*1 - (-28)/3. Suppose -56 = -13*m + x*m. What is the remainder when c is divided by m?
10
Let v = 92104 + -92069. Let d(g) = 7*g + 2 - 3 + 7*g. What is the remainder when v is di